s v(-3)?
-12
Let b(g) = 37*g - 37 + 57*g**2 + 23 - 60*g**2 - g. Determine b(11).
19
Let r(f) = f**2 + 1. Let q(t) = 5 - 7 + 4*t**3 + 9*t**2 - 7*t - 3*t**3. Let m(h) = -q(h) + 5*r(h). Give m(-5).
-3
Let k(o) = -4*o - 1. Let q(m) = -m + 5. Let g(l) = -5*k(l) - q(l). What is g(-1)?
-21
Let c(o) = -2*o**2 - 9*o - 11. Let m be (-23)/5 + (-26)/65. Let d(y) = 21 + 8*y + 3*y**2 + 8*y - 8*y + 9*y. Let s(q) = m*c(q) - 3*d(q). Calculate s(6).
-8
Let h(o) be the first derivative of o**3/3 - 21*o**2/2 + 24*o + 114494. Let x be 1 + 20 + 0 + -1. Determine h(x).
4
Let x(q) be the first derivative of q**4/4 + q**3/3 - 17*q**2 + 20*q + 752. Determine x(5).
0
Suppose 0 = -3*b - 2*x - 1, 4*x = 3*b - 132 + 139. Let g(s) be the second derivative of -2*s**3 - s**2/2 + 3*s + 1. Calculate g(b).
11
Suppose 5*w - x - 10 = 15, 0 = -2*x - 10. Let h(j) = -15*j + j**2 + 12*j - 4*j + 5. Calculate h(w).
-7
Let k(b) = b**2 + 8*b + 6. Let g be 2/(-10)*-16 - (-4)/(-20). Suppose g*y = l + 11, -2*y + 4 = 3*l - 18. Suppose l*v + 24 = -0. Give k(v).
-6
Let n be 15*-1 - (56 - 65). Let g(i) = 3*i - 9. Let w(b) = 6*b - 19. Let x(o) = 13*g(o) - 6*w(o). What is x(n)?
-21
Let y(o) = -2*o**2 - 2*o - 1. Let u(h) = -h**3 - 1. Let l(b) = b**3 + 5*b**2 - 15*b + 6. Let j(w) = -l(w) - 2*u(w). Let p(v) = j(v) + 2*y(v). Calculate p(7).
-27
Let m(h) = -15*h**3 - 9*h**2 - 6*h - 33. Let s(a) = 52*a**3 + 27*a**2 + 19*a + 100. Let g(r) = 7*m(r) + 2*s(r). Calculate g(-9).
5
Let c(q) = q**2 - 4*q - 7. Let u be (15/3 - 2)/(6/(-4)). Let w be (-270)/(-55) - u/22. Calculate c(w).
-2
Let b be (1/(-2))/((-3)/(-6)) - -40. Suppose 5*z - 8 = -4*n, 0 = 3*n - 5*z + 68 - b. Let o(g) = -g**3 - 4*g**2 - g - 2. Calculate o(n).
-8
Let w(x) = 5*x**2 + 27*x**2 + x + 5 - 7 - 35*x**2. Calculate w(2).
-12
Let f(z) = 6*z - 37. Let n = -2666 - -2672. What is f(n)?
-1
Let k(m) = -m**3 + 4*m**2 - 3*m. Let n be (54/15)/((-7)/35). Let r be 9/n + (-9)/(-2). Determine k(r).
-12
Suppose o - 1 = 1. Let v(a) = -3 - 4*a + o + 4. Suppose d + 5*q = -48, 18 = 105*q - 107*q. Give v(d).
15
Let f(w) = 9*w**2 - 5*w - 3. Let a(y) = -5*y**2 + 3*y + 2. Let v(x) = -7*a(x) - 4*f(x). Let k = -15 + 7. Let t(g) = 4*g + 32. Let n be t(k). Calculate v(n).
-2
Let q be 101/(-2323) + (-114)/23. Let i(b) = 11*b + 60. Calculate i(q).
5
Let l be (-6 - (4 - 9))*-2. Let z(y) = -1 - 5 + 16*y - 3*y. Let r(q) = 6*q - 3. Let g(p) = -5*r(p) + 2*z(p). What is g(l)?
-5
Let k(p) = -42*p**3 - 3*p**2 + 3*p - 1. Suppose 196*f - 205*f = -9. What is k(f)?
-43
Suppose 30*f - 114 = 216. Suppose f = -3*r - 4*i + 5*i, -4*i + 10 = 5*r. Let z(j) be the first derivative of -j**2/2 - 1. Give z(r).
2
Suppose 3*r - 5*g = -0*g - 134, 0 = 2*r - 4*g + 92. Let o = r + 41. Suppose 0*h + o*z = 3*h + 30, z - 25 = 4*h. Let p(n) = -n - 5. Calculate p(h).
0
Let y = 25 - -23. Suppose w = -3*w + y. Suppose -w = -q - 6. Let l(c) = -c**2 + 2*c + 4. What is l(q)?
-20
Let y = 80 + -78. Suppose -20 = -y*r + 4*n, 4*n = -0 - 20. Let a(t) = t**2 - t - 14. Calculate a(r).
-14
Let c(p) = 4*p**3 + 2*p**2 - 2*p + 8. Let s(i) = 18*i**3 + 11*i**2 - 11*i + 40. Let m(g) = 5*c(g) - s(g). Let b = 7 + -5. Suppose -3*y = -5*y + b. Give m(y).
2
Let v(l) = -l**3 - 2*l**2 + l - 5. Let p(b) = -34*b - 16. Let q be p(-1). Let c(j) = j**3 - 17*j**2 - 20*j + 32. Let m be c(q). What is v(m)?
23
Let i = 94 + -51. Let f = 51 - i. Let c be 21/(-6) + 4/f. Let k(r) = r**3 + 2*r**2 - 2*r + 2. Determine k(c).
-1
Let z(j) = -j**3 + 7*j**2 - 8*j - 2. Let h(u) = 5*u + 11. Let x be h(4). Suppose x + 47 = 13*s. Suppose 84 = s*b + 8*b. Determine z(b).
-14
Let t(z) be the first derivative of 11*z**3/3 + z + 94. Determine t(1).
12
Suppose 350*v = -67*v + 2502. Let m(q) be the second derivative of q**5/20 - 5*q**4/12 - q**3 + 5*q**2/2 + 2*q. Calculate m(v).
5
Suppose -35*w + 3 = -38*w. Let t(o) be the first derivative of 5*o**4/2 - 2*o**3/3 + o + 17. What is t(w)?
-11
Let m(k) = k + 17. Suppose -33*u + 30*u = -276. Suppose -u = 15*s + 103. Calculate m(s).
4
Let u(y) = y**3 + 8*y**2 + 2*y + 4. Let v be u(-8). Let x(s) = -115654*s**3 - 124*s - 13*s**2 + 111*s + 115653*s**3 - 15. Determine x(v).
-3
Let m(v) = v - 7. Let j(z) = -4*z + 75. Let y be j(13). Let k = y - 19. Calculate m(k).
-3
Let b be 5/(-2)*(-18)/5. Let l = b - 5. Let u(s) be the second derivative of s**4/12 - s**3/3 + s**2/2 + 698*s. Determine u(l).
9
Let a(y) be the third derivative of y**7/5040 - y**6/144 - y**5/30 - 35*y**4/24 + 2*y**2 + 45. Let k(v) be the third derivative of a(v). Give k(6).
1
Let d(s) = -2*s + 2. Let y be (-2887)/(-3) - 7/(-147)*-7. Let o be (-2)/(-15) + y/1110. Give d(o).
0
Let g(c) = 4*c**3 - 7*c**2 - 64*c + 41. Let n(j) = 2*j**3 - 3*j**2 - 29*j + 19. Let a(f) = 4*g(f) - 9*n(f). Calculate a(-3).
23
Let x(u) be the second derivative of u**5/20 - u**4/6 - u**3/3 + 3473*u. Calculate x(2).
-4
Suppose 3*g + 4*p = -19, -49*p = 2*g - 50*p + 20. Let s(l) = -5*l - 82. Determine s(g).
-37
Suppose -7*c = -3*c - 36. Let h = c + -3. Let u(k) be the third derivative of -k**6/120 + k**5/12 + 7*k**4/24 - k**3 + 6*k**2. Give u(h).
0
Let f(s) = 1 - 2 + 2 + s - s**3 - s**2. Let a(g) = -6*g - 19. Let u(m) = m**3 + 6*m**2 - 13*m + 21. Let o be u(-8). Let w be a(o). Give f(w).
0
Let y(o) = -o**3 + 18*o**2 - 6*o + 8. Let n be (-4)/18 + (-578)/153 - (-2 + -20). Determine y(n).
-100
Let x(c) = 497*c**3 - 3 - 4*c - 251*c**3 - 245*c**3 - 4*c**2. Let o(h) = -2*h**2 + 2*h + 2. Let i be o(-1). What is x(i)?
-19
Let b(h) = -9*h - 8. Let m be -7*2/7*4/8. Determine b(m).
1
Let r(w) = 2*w**3 - w**2 - 1. Let i(x) = 9*x**3 + 5*x**2 - 11*x - 12. Let k(b) = -i(b) + 5*r(b). What is k(8)?
-33
Suppose -7*w - 9*w = -144. Suppose -w = 13*i + 30. Let r(f) = -f**2 - 3. Give r(i).
-12
Let p(z) = z**3 + 6*z**2 - 6*z + 16. Let t(c) = 38*c - 919. Let w be t(24). What is p(w)?
9
Let m(i) = -2*i - 6. Let f be (-34 + 3 + 3)/(-1). Suppose f*p = 14*p. Give m(p).
-6
Let k(s) = s**3 + 8*s**2 - s + 4. Suppose 0 = -3*p + l - 8, 2*l - 12 + 40 = -5*p. Calculate k(p).
72
Let n(j) = -2*j + 17. Let g(i) = 2*i - 15. Let z(q) = 6*g(q) + 5*n(q). Let w(l) = 14*l**2 + 83*l. Let k be w(-6). Calculate z(k).
7
Let u(m) = m + 20. Let c be u(0). Let x = 802 + -799. Suppose -2*y = 4*q + c, -4*q + x*y = -5*q - 5. Let v(p) = p**3 + 5*p**2 - 3*p + 4. Determine v(q).
19
Let j(p) = -12*p**2 + 22*p - 35. Let q(f) = -7*f**2 + 11*f - 17. Let a(w) = -3*j(w) + 5*q(w). Give a(6).
-10
Let w(o) = -o**2 + 3*o + 13. Let s be w(-2). Let u(f) = -79*f**2 - 3*f**s - f**3 - 2*f + 85*f**2 + 3*f**3 + 7. Calculate u(6).
-5
Let j(z) = -z**2 - 6*z + 4. Suppose -3*i - 2*p = 5 - 22, -3*i - 3*p = -18. Suppose m - i*m + 8 = 0. Suppose 2*o + 0*r + 6 = -3*r, -m*o = -r + 14. Give j(o).
4
Let b be ((-86)/(-215))/((-2)/(-130)). Let v(m) = -m**3 + 26*m**2 - m + 29. Determine v(b).
3
Let s = 609 - 600. Let l(z) = -z**3 + 8*z**2 + 14*z - 46. What is l(s)?
-1
Let i(l) = l - 1. Let r be (-42)/56 - 1255/(-20). Let v = 65 + -5. Let x = r - v. Determine i(x).
1
Suppose 4*m - 21 = 3*s - 165, -4*s - 2*m = -170. Let i be s/(-110) - (-14)/10. Let p(d) = -d - i + 2*d + 3 - 3. Give p(1).
0
Let s(z) be the second derivative of -z**4/12 - 5*z**3/6 + z**2/2 + 4*z - 3168. Suppose 25 = -3*n - 2*n. Determine s(n).
1
Let t(x) = 360*x + 373*x + 2 - 735*x. Let o(p) = 4*p**2 + 8*p - 5. Let s be o(-3). What is t(s)?
-12
Suppose 9591*h = 9561*h + 180. Let w(x) = -2*x + 24. What is w(h)?
12
Suppose 0*c - 5*c = r - 3, -r - 3*c = -3. Let m(s) = -7*s - 3*s**2 + 1 - s**r - 3*s**2 - s**2. Let n be ((6035/34)/(-71))/(15/36). What is m(n)?
7
Let s(t) = 8*t + 4*t - 7 + 0*t. Let d(j) = 12*j - 27. Let w(n) = -7*n + 12. Let c(o) = -2*d(o) - 5*w(o). Let i(k) = -4*c(k) + 3*s(k). Calculate i(3).
-21
Suppose -7*n + 4*n = -4*w + 1, 2*n - 22 = -3*w. Let p(r) = -8*r + 27. Give p(w).
-5
Suppose 7*v = 13*v - 90. Suppose -v*b = -2*b - 78. Let h(t) = -t**2 + 7*t + 2. Determine h(b).
8
Let d(c) = -c + 12. Let m = 54 - 52. Suppose 7 = m*q - 7. Let u be d(q). Let o(j) = -j + 10. Determine o(u).
5
Let z(q) = -120*q**2 - 131*q - 3. Let i be z(-1). Let a(d) = -d**2 + 8*d - 12. Give a(i).
-12
Let s(u) be the first derivative of -2*u**3 - 3*u**2 - 8*u + 12176. Give s(-2).
-20
Suppose 27*z + 201 = 336. Let h(m) = -4 + m - m + m + 0. Give h(z).
1
Suppose -2*b + 5*b = -441. Let c be (-6 + -2)*(-35)/20. Let h be ((